{"id":4882,"date":"2021-01-25T19:15:41","date_gmt":"2021-01-25T19:15:41","guid":{"rendered":"https:\/\/vildana-foundation.ch\/?page_id=4882"},"modified":"2021-09-14T18:34:13","modified_gmt":"2021-09-14T18:34:13","slug":"news-room","status":"publish","type":"page","link":"https:\/\/vildana-foundation.ch\/?page_id=4882&lang=sq","title":{"rendered":"News Room"},"content":{"rendered":"<section  class='av_textblock_section av-kj969k9p-f8308cba6059c0bf55e9e15eecb8b677 '   itemscope=\"itemscope\" itemtype=\"https:\/\/schema.org\/CreativeWork\" ><div class='avia_textblock'  itemprop=\"text\" ><h2>Lajme<\/h2>\n<\/div><\/section>\n<div  class='avia-content-slider-element-container av-kj985t2p-b872958218f7381f9066bdb08fd7c273 avia-content-slider-element-slider avia-content-slider avia-smallarrow-slider avia-content-slider-active avia-content-slider-odd  avia-builder-el-1  el_after_av_textblock  el_before_av_one_full  av-slideshow-ui av-control-default av-nav-arrows-visible av-nav-dots-visible av-no-slider-navigation av-slideshow-manual av-loop-once av-loop-manual-endless avia-content-slider1' data-slideshow-options=\"{&quot;animation&quot;:&quot;slide&quot;,&quot;autoplay&quot;:false,&quot;loop_autoplay&quot;:&quot;once&quot;,&quot;interval&quot;:5,&quot;loop_manual&quot;:&quot;manual-endless&quot;,&quot;autoplay_stopper&quot;:false,&quot;noNavigation&quot;:false,&quot;bg_slider&quot;:false,&quot;keep_padding&quot;:&quot;&quot;,&quot;hoverpause&quot;:false,&quot;show_slide_delay&quot;:30}\"><div class='avia-smallarrow-slider-heading  no-content-slider-heading '><div class='new-special-heading'>&nbsp;<\/div><div class='avia-slideshow-arrows avia-slideshow-controls' ><a href='#prev' class='prev-slide  avia-svg-icon avia-font-svg_entypo-fontello' data-av_svg_icon='left-open-big' data-av_iconset='svg_entypo-fontello' tabindex='-1' title=\"Zur\u00fcck\"><svg version=\"1.1\" xmlns=\"http:\/\/www.w3.org\/2000\/svg\" width=\"15\" height=\"32\" viewBox=\"0 0 15 32\" preserveAspectRatio=\"xMidYMid meet\" aria-labelledby='av-svg-title-1' aria-describedby='av-svg-desc-1' role=\"graphics-symbol\" aria-hidden=\"true\">\n<title id='av-svg-title-1'>Zur\u00fcck<\/title>\n<desc id='av-svg-desc-1'>Zur\u00fcck<\/desc>\n<path d=\"M14.464 27.84q0.832 0.832 0 1.536-0.832 0.832-1.536 0l-12.544-12.608q-0.768-0.768 0-1.6l12.544-12.608q0.704-0.832 1.536 0 0.832 0.704 0 1.536l-11.456 11.904z\"><\/path>\n<\/svg><span class='avia_hidden_link_text'>Zur\u00fcck<\/span><\/a><a href='#next' class='next-slide  avia-svg-icon avia-font-svg_entypo-fontello' data-av_svg_icon='right-open-big' data-av_iconset='svg_entypo-fontello' tabindex='-1' title=\"Weiter\"><svg version=\"1.1\" xmlns=\"http:\/\/www.w3.org\/2000\/svg\" width=\"15\" height=\"32\" viewBox=\"0 0 15 32\" preserveAspectRatio=\"xMidYMid meet\" aria-labelledby='av-svg-title-2' aria-describedby='av-svg-desc-2' role=\"graphics-symbol\" aria-hidden=\"true\">\n<title id='av-svg-title-2'>Weiter<\/title>\n<desc id='av-svg-desc-2'>Weiter<\/desc>\n<path d=\"M0.416 27.84l11.456-11.84-11.456-11.904q-0.832-0.832 0-1.536 0.832-0.832 1.536 0l12.544 12.608q0.768 0.832 0 1.6l-12.544 12.608q-0.704 0.832-1.536 0-0.832-0.704 0-1.536z\"><\/path>\n<\/svg><span class='avia_hidden_link_text'>Weiter<\/span><\/a><\/div><\/div><div class=\"avia-content-slider-inner\"><div class=\"slide-entry-wrap\"><section class='slide-entry av-1yz6si-395dffcb5b780d8636b14ef686b3dd69 flex_column av_fullwidth post-entry slide-entry-overview slide-loop-1 slide-parity-odd  first'  itemscope=\"itemscope\" itemtype=\"https:\/\/schema.org\/CreativeWork\" ><h3 class='slide-entry-title entry-title '  itemprop=\"headline\" >VILDANA-Foundation <\/h3><div class='slide-entry-excerpt entry-content'  itemprop=\"text\" ><p><img loading=\"lazy\" decoding=\"async\" class=\"alignnone size-medium wp-image-4989\" src=\"https:\/\/vildana-foundation.ch\/wordpress\/wp-content\/uploads\/2021\/01\/GoLive-image_1-300x251.png\" alt=\"\" width=\"300\" height=\"251\" srcset=\"https:\/\/vildana-foundation.ch\/wordpress\/wp-content\/uploads\/2021\/01\/GoLive-image_1-300x251.png 300w, https:\/\/vildana-foundation.ch\/wordpress\/wp-content\/uploads\/2021\/01\/GoLive-image_1-768x644.png 768w, https:\/\/vildana-foundation.ch\/wordpress\/wp-content\/uploads\/2021\/01\/GoLive-image_1-705x591.png 705w, https:\/\/vildana-foundation.ch\/wordpress\/wp-content\/uploads\/2021\/01\/GoLive-image_1.png 940w\" sizes=\"auto, (max-width: 300px) 100vw, 300px\" \/><\/p>\n<p>M\u00eb dat\u00ebn 18.01.2021 \u00ebsht\u00eb hapur n\u00eb Zvic\u00ebr zyrtarisht fondacioni i m\u00ebrgat\u00ebs shqiptare i quajtur VILDANA-Foundation, me adres\u00eb Neuenhof AG \u2013 Zvic\u00ebr dhe me num\u00ebr regjistrimi CH-400.7.448.634-5. Ky fondacion mori emrin Vildana, t\u00eb nj\u00eb gruaje ambicioze q\u00eb vjen nga nj\u00eb familje n\u00eb Kosov\u00eb, e lindur n\u00eb St. Gallen (CH), me karakter t\u00eb lart\u00eb humanitar, e njohur p\u00ebr kontributin e saj familjar dhe shoq\u00ebror duke ndihmuar me mjete financiare student\u00ebt n\u00eb aft\u00ebsimin e tyre profesional. Vildana vdiq n\u00eb mosh\u00ebn e re 30 vje\u00e7are, por vullneti dhe p\u00ebrpjekja e saj p\u00ebr t\u00eb siguruar ndihm\u00eb humanitare \u00ebsht\u00eb rr\u00ebnjosur thell\u00eb n\u00eb vizionin dhe q\u00ebllimin e fondacionit. Me k\u00ebto vlera, VILDANA-Foundation u themelua n\u00eb vitin 2021 nga familjar\u00ebt e saj dhe miqt\u00eb e tyre.<\/p>\n<p>Q\u00ebllimi i fondacionit \u00ebsht\u00eb mb\u00ebshtetja e student\u00ebve t\u00eb talentuar shqiptar\u00eb n\u00eb rajone me origjin\u00eb shqiptare (ve\u00e7an\u00ebrisht n\u00eb Kosov\u00eb, Shqip\u00ebri dhe Maqedoni Veriore) me bursa. Ky fondacion synon t\u00eb siguroj\u00eb mb\u00ebshtetje financiare duke mbuluar tarifat e shkollimit dhe t\u00eb promovoj\u00eb student\u00eb t\u00eb institucioneve arsimore pavar\u00ebsisht nga mosha, kualifikimi, prejardhja fetare dhe\/ose kulturore n\u00eb rajonet e lart\u00ebp\u00ebrmendura.<\/p>\n<p><a href=\"https:\/\/vildana-foundation.ch\/?page_id=4892&#038;lang=sq\" target=\"_blank\" rel=\"noopener\"><strong><span style=\"color: #0000ff;\">M\u00ebso m\u00eb shum\u00eb&#8230;<\/span><\/strong><\/a><\/p>\n<\/div><\/section><\/div><div class=\"slide-entry-wrap\"><section class='slide-entry av-ktkelfsw-add994a3f26d5da03a247756ee44912b flex_column av_fullwidth post-entry slide-entry-overview slide-loop-2 slide-parity-odd  post-entry-last  first'  itemscope=\"itemscope\" itemtype=\"https:\/\/schema.org\/CreativeWork\" ><h3 class='slide-entry-title entry-title '  itemprop=\"headline\" >Botimi i librit: SHOQ\u00cbRI PA KULTUR\u00cb<\/h3><div class='slide-entry-excerpt entry-content'  itemprop=\"text\" ><p><img loading=\"lazy\" decoding=\"async\" class=\"alignnone wp-image-5309\" src=\"https:\/\/vildana-foundation.ch\/wordpress\/wp-content\/uploads\/2021\/09\/FOTO-Libri-276x300.jpg\" alt=\"\" width=\"252\" height=\"274\" srcset=\"https:\/\/vildana-foundation.ch\/wordpress\/wp-content\/uploads\/2021\/09\/FOTO-Libri-276x300.jpg 276w, https:\/\/vildana-foundation.ch\/wordpress\/wp-content\/uploads\/2021\/09\/FOTO-Libri-768x834.jpg 768w, https:\/\/vildana-foundation.ch\/wordpress\/wp-content\/uploads\/2021\/09\/FOTO-Libri-649x705.jpg 649w, https:\/\/vildana-foundation.ch\/wordpress\/wp-content\/uploads\/2021\/09\/FOTO-Libri.jpg 869w\" sizes=\"auto, (max-width: 252px) 100vw, 252px\" \/><\/p>\n<p>Fondacioni VILDANA-Foundation si nj\u00eb nism\u00eb premtuese q\u00eb jep kontributin e saj n\u00eb progresin e nevojsh\u00ebm urgjent, si dhe n\u00eb zhvillimin dhe promovimin e talent\u00ebve.<\/p>\n<p>Doli n\u00eb shitje libri i sociologut Labinot Kunushevci, nj\u00eb nd\u00ebr librat m\u00eb t\u00eb k\u00ebrkuar q\u00eb m\u00eb s\u00eb miri e shpjegon shoq\u00ebrin\u00eb kosovare n\u00eb kontekstin e realitetit kritik, botim nga &#8220;Artini&#8220; n\u00eb Prishtin\u00eb, 327 faqe, i strukturuar n\u00eb 5 kapituj, recensuar nga Prof. Ibrahim Berisha. Libri \u00ebsht\u00eb redaktuar nga Dem\u00eb Topalli dhe dizajnuar nga Arsim Murseli.<\/p>\n<p><a href=\"https:\/\/vildana-foundation.ch\/?page_id=5362&#038;lang=sq\" target=\"_blank\" rel=\"noopener\"><strong><span style=\"color: #3366ff;\">M\u00ebso m\u00eb shum\u00eb\u2026<\/span><\/strong><\/a><\/p>\n<\/div><\/section><\/div><\/div><\/div>\n\n<style type=\"text\/css\" data-created_by=\"avia_inline_auto\" id=\"style-css-av-8ktfe5-5cfb9b3c4f6ebc36a96967ef1fdf0f05\">\n.flex_column.av-8ktfe5-5cfb9b3c4f6ebc36a96967ef1fdf0f05{\nborder-radius:0px 0px 0px 0px;\npadding:0px 0px 0px 0px;\n}\n<\/style>\n<div  class='flex_column av-8ktfe5-5cfb9b3c4f6ebc36a96967ef1fdf0f05 av_one_full  avia-builder-el-2  el_after_av_content_slider  el_before_av_one_full  first flex_column_div av-zero-column-padding  '     ><\/div>\n\n<style type=\"text\/css\" data-created_by=\"avia_inline_auto\" id=\"style-css-av-7mcfgt-a23dfae84a5190990daf7d8425f1141e\">\n.flex_column.av-7mcfgt-a23dfae84a5190990daf7d8425f1141e{\nborder-radius:0px 0px 0px 0px;\npadding:0px 0px 0px 0px;\n}\n<\/style>\n<div  class='flex_column av-7mcfgt-a23dfae84a5190990daf7d8425f1141e av_one_full  avia-builder-el-3  el_after_av_one_full  el_before_av_one_full  first flex_column_div av-zero-column-padding  column-top-margin'     ><\/div>\n\n<style type=\"text\/css\" data-created_by=\"avia_inline_auto\" id=\"style-css-av-5fnzvh-dcccfcdbe8a5edc3665a8e692fc1c8c2\">\n.flex_column.av-5fnzvh-dcccfcdbe8a5edc3665a8e692fc1c8c2{\nborder-radius:0px 0px 0px 0px;\npadding:0px 0px 0px 0px;\n}\n<\/style>\n<div  class='flex_column av-5fnzvh-dcccfcdbe8a5edc3665a8e692fc1c8c2 av_one_full  avia-builder-el-4  el_after_av_one_full  el_before_av_one_full  first flex_column_div av-zero-column-padding  column-top-margin'     ><\/div>\n\n<style type=\"text\/css\" data-created_by=\"avia_inline_auto\" id=\"style-css-av-46s4kt-ede54dbb6175c9abd9070031e293057e\">\n.flex_column.av-46s4kt-ede54dbb6175c9abd9070031e293057e{\nborder-radius:0px 0px 0px 0px;\npadding:0px 0px 0px 0px;\n}\n<\/style>\n<div  class='flex_column av-46s4kt-ede54dbb6175c9abd9070031e293057e av_one_full  avia-builder-el-5  el_after_av_one_full  el_before_av_one_full  first flex_column_div av-zero-column-padding  column-top-margin'     ><\/div>\n\n<style type=\"text\/css\" data-created_by=\"avia_inline_auto\" id=\"style-css-av-2y89dp-e4c6dc85daf259251172cc7ee90546ad\">\n.flex_column.av-2y89dp-e4c6dc85daf259251172cc7ee90546ad{\nborder-radius:0px 0px 0px 0px;\npadding:0px 0px 0px 0px;\n}\n<\/style>\n<div  class='flex_column av-2y89dp-e4c6dc85daf259251172cc7ee90546ad av_one_full  avia-builder-el-6  el_after_av_one_full  avia-builder-el-last  first flex_column_div av-zero-column-padding  column-top-margin'     ><\/div>\n","protected":false},"excerpt":{"rendered":"","protected":false},"author":2,"featured_media":0,"parent":0,"menu_order":0,"comment_status":"closed","ping_status":"closed","template":"","meta":{"footnotes":""},"class_list":["post-4882","page","type-page","status-publish","hentry"],"_links":{"self":[{"href":"https:\/\/vildana-foundation.ch\/index.php?rest_route=\/wp\/v2\/pages\/4882","targetHints":{"allow":["GET"]}}],"collection":[{"href":"https:\/\/vildana-foundation.ch\/index.php?rest_route=\/wp\/v2\/pages"}],"about":[{"href":"https:\/\/vildana-foundation.ch\/index.php?rest_route=\/wp\/v2\/types\/page"}],"author":[{"embeddable":true,"href":"https:\/\/vildana-foundation.ch\/index.php?rest_route=\/wp\/v2\/users\/2"}],"replies":[{"embeddable":true,"href":"https:\/\/vildana-foundation.ch\/index.php?rest_route=%2Fwp%2Fv2%2Fcomments&post=4882"}],"version-history":[{"count":18,"href":"https:\/\/vildana-foundation.ch\/index.php?rest_route=\/wp\/v2\/pages\/4882\/revisions"}],"predecessor-version":[{"id":5383,"href":"https:\/\/vildana-foundation.ch\/index.php?rest_route=\/wp\/v2\/pages\/4882\/revisions\/5383"}],"wp:attachment":[{"href":"https:\/\/vildana-foundation.ch\/index.php?rest_route=%2Fwp%2Fv2%2Fmedia&parent=4882"}],"curies":[{"name":"wp","href":"https:\/\/api.w.org\/{rel}","templated":true}]}}