{"id":4892,"date":"2021-01-25T19:22:47","date_gmt":"2021-01-25T19:22:47","guid":{"rendered":"https:\/\/vildana-foundation.ch\/?page_id=4892"},"modified":"2021-01-26T21:18:15","modified_gmt":"2021-01-26T21:18:15","slug":"ne-jemi-live-vildana-foundation","status":"publish","type":"page","link":"https:\/\/vildana-foundation.ch\/?page_id=4892&lang=sq","title":{"rendered":"Ne jemi live VILDANA-Foundation"},"content":{"rendered":"\n<style type=\"text\/css\" data-created_by=\"avia_inline_auto\" id=\"style-css-av-av_heading-5293737601ec366ab00a300366211743\">\n#top .av-special-heading.av-av_heading-5293737601ec366ab00a300366211743{\npadding-bottom:10px;\n}\nbody .av-special-heading.av-av_heading-5293737601ec366ab00a300366211743 .av-special-heading-tag .heading-char{\nfont-size:25px;\n}\n.av-special-heading.av-av_heading-5293737601ec366ab00a300366211743 .av-subheading{\nfont-size:15px;\n}\n<\/style>\n<div  class='av-special-heading av-av_heading-5293737601ec366ab00a300366211743 av-special-heading-h3  avia-builder-el-0  el_before_av_image  avia-builder-el-first '><h3 class='av-special-heading-tag '  itemprop=\"headline\"  >Themelohet fondacioni i m\u00ebrgat\u00ebs shqiptare n\u00eb Zvic\u00ebr p\u00ebr mb\u00ebshtetjen e student\u00ebve \u2013 VILDANA-Foundation <\/h3><div class=\"special-heading-border\"><div class=\"special-heading-inner-border\"><\/div><\/div><\/div>\n\n<style type=\"text\/css\" data-created_by=\"avia_inline_auto\" id=\"style-css-av-kkczclor-77e7f5a9f7b1bc7ea1d6848594c77119\">\n.avia-image-container.av-kkczclor-77e7f5a9f7b1bc7ea1d6848594c77119 img.avia_image{\nbox-shadow:none;\n}\n.avia-image-container.av-kkczclor-77e7f5a9f7b1bc7ea1d6848594c77119 .av-image-caption-overlay-center{\ncolor:#ffffff;\n}\n<\/style>\n<div  class='avia-image-container av-kkczclor-77e7f5a9f7b1bc7ea1d6848594c77119 av-styling- avia-align-left  avia-builder-el-1  el_after_av_heading  el_before_av_hr '   itemprop=\"image\" itemscope=\"itemscope\" itemtype=\"https:\/\/schema.org\/ImageObject\" ><div class=\"avia-image-container-inner\"><div class=\"avia-image-overlay-wrap\"><img decoding=\"async\" fetchpriority=\"high\" class='wp-image-4991 avia-img-lazy-loading-not-4991 avia_image ' src=\"https:\/\/vildana-foundation.ch\/wordpress\/wp-content\/uploads\/2021\/01\/GoLive-image_1-300x251.png\" alt='' title='GoLive image_1'  height=\"251\" width=\"300\"  itemprop=\"thumbnailUrl\" srcset=\"https:\/\/vildana-foundation.ch\/wordpress\/wp-content\/uploads\/2021\/01\/GoLive-image_1-300x251.png 300w, https:\/\/vildana-foundation.ch\/wordpress\/wp-content\/uploads\/2021\/01\/GoLive-image_1-768x644.png 768w, https:\/\/vildana-foundation.ch\/wordpress\/wp-content\/uploads\/2021\/01\/GoLive-image_1-705x591.png 705w, https:\/\/vildana-foundation.ch\/wordpress\/wp-content\/uploads\/2021\/01\/GoLive-image_1.png 940w\" sizes=\"(max-width: 300px) 100vw, 300px\" \/><\/div><\/div><\/div>\n<div  class='hr av-areoc-2b15988d8ec368cfe945794a1e5e9b9b hr-default  avia-builder-el-2  el_after_av_image  el_before_av_textblock '><span class='hr-inner '><span class=\"hr-inner-style\"><\/span><\/span><\/div>\n<section  class='av_textblock_section av-kkcym5sb-02d13842bb282cebb2998535ecec2d9f '   itemscope=\"itemscope\" itemtype=\"https:\/\/schema.org\/CreativeWork\" ><div class='avia_textblock'  itemprop=\"text\" ><p><strong><u>Frym\u00ebzimi i Fondacionit:<\/u><\/strong><\/p>\n<p>M\u00eb dat\u00ebn 18.01.2021 \u00ebsht\u00eb hapur n\u00eb Zvic\u00ebr zyrtarisht fondacioni i m\u00ebrgat\u00ebs shqiptare i quajtur VILDANA-Foundation, me adres\u00eb Neuenhof AG \u2013 Zvic\u00ebr dhe me num\u00ebr regjistrimi CH-400.7.448.634-5. Ky fondacion mori emrin Vildana, t\u00eb nj\u00eb gruaje ambicioze q\u00eb vjen nga nj\u00eb familje Kosovare, e lindur n\u00eb St. Gallen (CH), me karakter t\u00eb lart\u00eb humanitar, e njohur p\u00ebr kontributin e saj familjar dhe shoq\u00ebror duke ndihmuar me mjete financiare student\u00ebt n\u00eb aft\u00ebsimin e tyre profesional. Vildana vdiq n\u00eb mosh\u00ebn e re 30 vje\u00e7are, por vullneti dhe p\u00ebrpjekja e saj p\u00ebr t\u00eb siguruar ndihm\u00eb humanitare \u00ebsht\u00eb rr\u00ebnjosur thell\u00eb n\u00eb vizionin dhe q\u00ebllimin e fondacionit. Me k\u00ebto vlera, VILDANA-Foundation u themelua n\u00eb vitin 2021 nga familjar\u00ebt e saj dhe miqt\u00eb e tyre.<\/p>\n<p>Q\u00ebllimi i fondacionit \u00ebsht\u00eb mb\u00ebshtetja e student\u00ebve t\u00eb talentuar shqiptar\u00eb n\u00eb rajone me origjin\u00eb shqiptare (ve\u00e7an\u00ebrisht n\u00eb Kosov\u00eb, Shqip\u00ebri dhe Maqedoni Veriore) me bursa. Ky fondacion synon t\u00eb siguroj\u00eb mb\u00ebshtetje financiare duke mbuluar tarifat e shkollimit dhe t\u00eb promovoj\u00eb student\u00eb t\u00eb institucioneve arsimore pavar\u00ebsisht nga mosha, kualifikimi, prejardhja fetare dhe\/ose kulturore n\u00eb rajonet e lart\u00ebp\u00ebrmendura.<\/p>\n<p>N\u00eb m\u00ebnyr\u00eb q\u00eb student\u00ebt e talentuar t\u00eb mos i braktisin studimet p\u00ebr shkak t\u00eb v\u00ebshtir\u00ebsive financiare, VILDANA-Foundation ka marr\u00eb p\u00ebrsip\u00ebr mb\u00ebshtetjen e student\u00ebve me v\u00ebshtir\u00ebsi financiare, ashtu q\u00eb ata t\u00eb p\u00ebrqendrohen plot\u00ebsisht n\u00eb studimet, ambiciet dhe vizionin e tyre, pa u brengosur p\u00ebr mungesat financiare.<\/p>\n<p><strong><u>Ambiciet tona:<\/u><\/strong><\/p>\n<p>Ky fondacion synon t\u00eb mb\u00ebshtes\u00eb student\u00eb t\u00eb talentuar, kreativ\u00eb dhe ambicioz\u00eb, me aft\u00ebsi t\u00eb ndryshme profesionale, q\u00eb kan\u00eb v\u00ebshtir\u00ebsi t\u00eb paguajn\u00eb kostot semestrale dhe duan t\u00eb ndryshojn\u00eb bot\u00ebn, t\u00eb ken\u00eb nj\u00eb ndikim pozitiv n\u00eb shoq\u00ebri, t\u00eb zhvillojn\u00eb veten dhe t\u00eb angazhohen p\u00ebr vlerat qytetare dhe profesionale.<\/p>\n<p>Ky fondacion ka web-faqen e tij zyrtare t\u00eb publikuar n\u00eb tri gjuh\u00eb, shqip, anglisht dhe gjermanisht: <a href=\"http:\/\/www.vildana-foundation.ch\">www.vildana-foundation.ch<\/a>, ku ofrohen informacione p\u00ebr q\u00ebllimet, vizionin, an\u00ebtar\u00ebt e fondacionit dhe udh\u00ebzime e mund\u00ebsi p\u00ebr aplikim p\u00ebr burs\u00eb apo p\u00ebr t\u00eb kontribuar me donacione, p\u00ebrmes kritereve dhe procedurave t\u00eb p\u00ebrcaktuara, ku interesimi dhe kontributi i gjithsecilit \u00ebsht\u00eb i mir\u00ebseardhur.<\/p>\n<p>VILDANA-Foundation do t\u00eb mb\u00ebshtes\u00eb student\u00eb t\u00eb talentuar t\u00eb drejtimeve t\u00eb ndryshme, t\u00eb cil\u00ebt tregojn\u00eb progres dhe suksese jasht\u00ebzakonisht t\u00eb larta, t\u00eb cil\u00ebt jan\u00eb premtues q\u00eb mund t\u2019i kontribuojn\u00eb shoq\u00ebris\u00eb p\u00ebrmes zhvillimit t\u00eb profesioneve t\u00eb ndryshme. Kreativiteti, inovacioni, ambicia, vizioni, disiplina, sinqeriteti, energjia, vendosm\u00ebria, p\u00ebrkushtimi, vullneti, etika profesionale dhe idet\u00eb e student\u00ebve kan\u00eb nevoj\u00eb p\u00ebr nj\u00eb z\u00eb q\u00eb i mb\u00ebshtet\u00eb n\u00eb krijimin e nj\u00eb perspektive t\u00eb dinjitetshme e cila u ndihmon p\u00ebr t\u2019u integruar n\u00eb tregun e pun\u00ebs. Ai z\u00eb tani \u00ebsht\u00eb VILDANA-Foundation, q\u00eb \u00ebsht\u00eb themeluar me shpirtin human t\u00eb nj\u00eb grupi m\u00ebrgimtar\u00ebsh nga Zvicra.<\/p>\n<p><strong><u>Rreth nesh:<\/u><\/strong><\/p>\n<p>VILDANA-Foundation, me president Driton Thaqin, funksionon p\u00ebrmes ligjeve zvicerane, i regjistruar n\u00eb Regjistrin Tregtar t\u00eb Zvicr\u00ebs, n\u00eb pajtim me kriteret dhe procedurat profesionale, dhe ka n\u00eb struktur\u00ebn dhe bordin e tij njer\u00ebz profesionist\u00eb q\u00eb jetojn\u00eb dhe veprojn\u00eb n\u00eb Zvic\u00ebr, t\u00eb cil\u00ebt me vullnetin e tyre themeluan fondacionin dhe kan\u00eb role dhe detyra t\u00eb caktuara, prej tyre: Biqkaj Irfan, Bunjaku Naser, Bushi Liman, Dullovi Nusret, Dullovi Agron, Kadolli Brahim, Kajtazi Tefik, Krasniqi Ragip, Krasniqi Shkelzen, Kunushevci Labinot, Latifi Besim, Muharemi Remzi, Robeli Lulzim, Rogaqi Mendu, Sejdiji Merdzan, Thaqi Driton, Thaqi Jeton, Thaqi Naim, Thaqi Shpend, Usejni Albion, Zeqiri Blerim, Zeqiri Urim. Fondacioni funksionon p\u00ebrmes bashk\u00ebpunimit me kordinatorin dhe p\u00ebrfaq\u00ebsuesin profesional p\u00ebr Kosov\u00eb, Shqip\u00ebri dhe Maqedoni Veriore, Labinot Kunushevci.<\/p>\n<p><strong><u>Moto e Fondacionit:<\/u><\/strong><\/p>\n<p>Moto e VILDANA-Foundation \u00ebsht\u00eb th\u00ebnia e rilindasit shqiptar Sami Frash\u00ebri:<\/p>\n<p><strong><em>&#8220;N\u00ebse do t\u00eb mbjell\u00ebsh p\u00ebr nj\u00eb vit, mbill mis\u00ebr e grur\u00eb, n\u00ebse k\u00ebrkon q\u00eb t\u00eb mbjell\u00ebsh p\u00ebr 100 vjet, mbill arsim e kultur\u00eb&#8220;.<\/em><\/strong><\/p>\n<\/div><\/section>\n","protected":false},"excerpt":{"rendered":"","protected":false},"author":2,"featured_media":0,"parent":0,"menu_order":0,"comment_status":"closed","ping_status":"closed","template":"","meta":{"footnotes":""},"class_list":["post-4892","page","type-page","status-publish","hentry"],"_links":{"self":[{"href":"https:\/\/vildana-foundation.ch\/index.php?rest_route=\/wp\/v2\/pages\/4892","targetHints":{"allow":["GET"]}}],"collection":[{"href":"https:\/\/vildana-foundation.ch\/index.php?rest_route=\/wp\/v2\/pages"}],"about":[{"href":"https:\/\/vildana-foundation.ch\/index.php?rest_route=\/wp\/v2\/types\/page"}],"author":[{"embeddable":true,"href":"https:\/\/vildana-foundation.ch\/index.php?rest_route=\/wp\/v2\/users\/2"}],"replies":[{"embeddable":true,"href":"https:\/\/vildana-foundation.ch\/index.php?rest_route=%2Fwp%2Fv2%2Fcomments&post=4892"}],"version-history":[{"count":11,"href":"https:\/\/vildana-foundation.ch\/index.php?rest_route=\/wp\/v2\/pages\/4892\/revisions"}],"predecessor-version":[{"id":5103,"href":"https:\/\/vildana-foundation.ch\/index.php?rest_route=\/wp\/v2\/pages\/4892\/revisions\/5103"}],"wp:attachment":[{"href":"https:\/\/vildana-foundation.ch\/index.php?rest_route=%2Fwp%2Fv2%2Fmedia&parent=4892"}],"curies":[{"name":"wp","href":"https:\/\/api.w.org\/{rel}","templated":true}]}}

<style type="text/css" data-created_by="avia_inline_auto" id="style-css-av-av_heading-5293737601ec366ab00a300366211743">
#top .av-special-heading.av-av_heading-5293737601ec366ab00a300366211743{
padding-bottom:10px;
}
body .av-special-heading.av-av_heading-5293737601ec366ab00a300366211743 .av-special-heading-tag .heading-char{
font-size:25px;
}
.av-special-heading.av-av_heading-5293737601ec366ab00a300366211743 .av-subheading{
font-size:15px;
}
</style>
<div  class='av-special-heading av-av_heading-5293737601ec366ab00a300366211743 av-special-heading-h3  avia-builder-el-0  el_before_av_image  avia-builder-el-first '><h3 class='av-special-heading-tag '  itemprop="headline"  >Themelohet fondacioni i mërgatës shqiptare në Zvicër për mbështetjen e studentëve – VILDANA-Foundation </h3><div class="special-heading-border"><div class="special-heading-inner-border"></div></div></div>

<style type="text/css" data-created_by="avia_inline_auto" id="style-css-av-kkczclor-77e7f5a9f7b1bc7ea1d6848594c77119">
.avia-image-container.av-kkczclor-77e7f5a9f7b1bc7ea1d6848594c77119 img.avia_image{
box-shadow:none;
}
.avia-image-container.av-kkczclor-77e7f5a9f7b1bc7ea1d6848594c77119 .av-image-caption-overlay-center{
color:#ffffff;
}
</style>
<div  class='avia-image-container av-kkczclor-77e7f5a9f7b1bc7ea1d6848594c77119 av-styling- avia-align-left  avia-builder-el-1  el_after_av_heading  el_before_av_hr '   itemprop="image" itemscope="itemscope" itemtype="https://schema.org/ImageObject" ><div class="avia-image-container-inner"><div class="avia-image-overlay-wrap"><img decoding="async" fetchpriority="high" class='wp-image-4991 avia-img-lazy-loading-not-4991 avia_image ' src="https://vildana-foundation.ch/wordpress/wp-content/uploads/2021/01/GoLive-image_1-300x251.png" alt='' title='GoLive image_1'  height="251" width="300"  itemprop="thumbnailUrl" srcset="https://vildana-foundation.ch/wordpress/wp-content/uploads/2021/01/GoLive-image_1-300x251.png 300w, https://vildana-foundation.ch/wordpress/wp-content/uploads/2021/01/GoLive-image_1-768x644.png 768w, https://vildana-foundation.ch/wordpress/wp-content/uploads/2021/01/GoLive-image_1-705x591.png 705w, https://vildana-foundation.ch/wordpress/wp-content/uploads/2021/01/GoLive-image_1.png 940w" sizes="(max-width: 300px) 100vw, 300px" /></div></div></div>
<div  class='hr av-areoc-2b15988d8ec368cfe945794a1e5e9b9b hr-default  avia-builder-el-2  el_after_av_image  el_before_av_textblock '><span class='hr-inner '><span class="hr-inner-style"></span></span></div>
<section  class='av_textblock_section av-kkcym5sb-02d13842bb282cebb2998535ecec2d9f '   itemscope="itemscope" itemtype="https://schema.org/CreativeWork" ><div class='avia_textblock'  itemprop="text" ><p><strong><u>Frymëzimi i Fondacionit:</u></strong></p>
<p>Më datën 18.01.2021 është hapur në Zvicër zyrtarisht fondacioni i mërgatës shqiptare i quajtur VILDANA-Foundation, me adresë Neuenhof AG – Zvicër dhe me numër regjistrimi CH-400.7.448.634-5. Ky fondacion mori emrin Vildana, të një gruaje ambicioze që vjen nga një familje Kosovare, e lindur në St. Gallen (CH), me karakter të lartë humanitar, e njohur për kontributin e saj familjar dhe shoqëror duke ndihmuar me mjete financiare studentët në aftësimin e tyre profesional. Vildana vdiq në moshën e re 30 vjeçare, por vullneti dhe përpjekja e saj për të siguruar ndihmë humanitare është rrënjosur thellë në vizionin dhe qëllimin e fondacionit. Me këto vlera, VILDANA-Foundation u themelua në vitin 2021 nga familjarët e saj dhe miqtë e tyre.</p>
<p>Qëllimi i fondacionit është mbështetja e studentëve të talentuar shqiptarë në rajone me origjinë shqiptare (veçanërisht në Kosovë, Shqipëri dhe Maqedoni Veriore) me bursa. Ky fondacion synon të sigurojë mbështetje financiare duke mbuluar tarifat e shkollimit dhe të promovojë studentë të institucioneve arsimore pavarësisht nga mosha, kualifikimi, prejardhja fetare dhe/ose kulturore në rajonet e lartëpërmendura.</p>
<p>Në mënyrë që studentët e talentuar të mos i braktisin studimet për shkak të vështirësive financiare, VILDANA-Foundation ka marrë përsipër mbështetjen e studentëve me vështirësi financiare, ashtu që ata të përqendrohen plotësisht në studimet, ambiciet dhe vizionin e tyre, pa u brengosur për mungesat financiare.</p>
<p><strong><u>Ambiciet tona:</u></strong></p>
<p>Ky fondacion synon të mbështesë studentë të talentuar, kreativë dhe ambiciozë, me aftësi të ndryshme profesionale, që kanë vështirësi të paguajnë kostot semestrale dhe duan të ndryshojnë botën, të kenë një ndikim pozitiv në shoqëri, të zhvillojnë veten dhe të angazhohen për vlerat qytetare dhe profesionale.</p>
<p>Ky fondacion ka web-faqen e tij zyrtare të publikuar në tri gjuhë, shqip, anglisht dhe gjermanisht: <a href="http://www.vildana-foundation.ch">www.vildana-foundation.ch</a>, ku ofrohen informacione për qëllimet, vizionin, anëtarët e fondacionit dhe udhëzime e mundësi për aplikim për bursë apo për të kontribuar me donacione, përmes kritereve dhe procedurave të përcaktuara, ku interesimi dhe kontributi i gjithsecilit është i mirëseardhur.</p>
<p>VILDANA-Foundation do të mbështesë studentë të talentuar të drejtimeve të ndryshme, të cilët tregojnë progres dhe suksese jashtëzakonisht të larta, të cilët janë premtues që mund t’i kontribuojnë shoqërisë përmes zhvillimit të profesioneve të ndryshme. Kreativiteti, inovacioni, ambicia, vizioni, disiplina, sinqeriteti, energjia, vendosmëria, përkushtimi, vullneti, etika profesionale dhe idetë e studentëve kanë nevojë për një zë që i mbështetë në krijimin e një perspektive të dinjitetshme e cila u ndihmon për t’u integruar në tregun e punës. Ai zë tani është VILDANA-Foundation, që është themeluar me shpirtin human të një grupi mërgimtarësh nga Zvicra.</p>
<p><strong><u>Rreth nesh:</u></strong></p>
<p>VILDANA-Foundation, me president Driton Thaqin, funksionon përmes ligjeve zvicerane, i regjistruar në Regjistrin Tregtar të Zvicrës, në pajtim me kriteret dhe procedurat profesionale, dhe ka në strukturën dhe bordin e tij njerëz profesionistë që jetojnë dhe veprojnë në Zvicër, të cilët me vullnetin e tyre themeluan fondacionin dhe kanë role dhe detyra të caktuara, prej tyre: Biqkaj Irfan, Bunjaku Naser, Bushi Liman, Dullovi Nusret, Dullovi Agron, Kadolli Brahim, Kajtazi Tefik, Krasniqi Ragip, Krasniqi Shkelzen, Kunushevci Labinot, Latifi Besim, Muharemi Remzi, Robeli Lulzim, Rogaqi Mendu, Sejdiji Merdzan, Thaqi Driton, Thaqi Jeton, Thaqi Naim, Thaqi Shpend, Usejni Albion, Zeqiri Blerim, Zeqiri Urim. Fondacioni funksionon përmes bashkëpunimit me kordinatorin dhe përfaqësuesin profesional për Kosovë, Shqipëri dhe Maqedoni Veriore, Labinot Kunushevci.</p>
<p><strong><u>Moto e Fondacionit:</u></strong></p>
<p>Moto e VILDANA-Foundation është thënia e rilindasit shqiptar Sami Frashëri:</p>
<p><strong><em>&#8220;Nëse do të mbjellësh për një vit, mbill misër e grurë, nëse kërkon që të mbjellësh për 100 vjet, mbill arsim e kulturë&#8220;.</em></strong></p>
</div></section>
